 -28. Let r = g + 12. Is r a prime number?
True
Suppose -5*a - 3*w = -0*w + 16980, w = -4*a - 13584. Is a/(-44) + (-4)/22 a composite number?
True
Let a(u) be the third derivative of u**5/60 + u**4/24 - 5*u**3/6 + 4*u**2. Is a(-8) a prime number?
False
Let q = -2 + 7. Suppose -6*f - 20 = -5*n - f, -2*n - f - 4 = 0. Suppose k + x - 26 = 1, n = q*k + x - 119. Is k a composite number?
False
Suppose 0 = 3*b + 4*q - 115, 3*b - 2*b - q - 29 = 0. Let j(n) = -n - 7. Let m be j(-11). Is b - -1*(2 - m) a prime number?
True
Let y(a) = 82*a - 3. Is y(6) prime?
False
Let q be 48/27 - 4/(-18). Suppose 3*c = -5*b + 2901, -q*b - c = -b - 581. Let i = -310 + b. Is i a composite number?
False
Let b(o) = -o**3 + 2*o**2 + 5*o + 5. Let z be b(-5). Let m = z + -78. Is m a prime number?
False
Let q = 0 - -5. Let d = 6 + q. Is d prime?
True
Suppose -5*c = 3*d - 70, -3*d - d = 0. Let g = c + 41. Suppose 0 = 2*n - g - 19. Is n composite?
False
Let p(a) = a + 1. Let j be p(-6). Let o(y) = y**2 - 1. Let z(i) = 3*i + 4. Let q(f) = o(f) - z(f). Is q(j) composite?
True
Let i(h) be the third derivative of -h**5/60 - h**4/4 + 5*h**3/6 - 3*h**2. Let d be (0 - 0 - -1)*-5. Is i(d) composite?
True
Suppose 0 = -6*g + 5*g + 55. Is g a composite number?
True
Let s(j) = -j**3 - 7*j**2 - 7*j - 3. Let t be s(-6). Suppose -t*p = 2*p - 5. Suppose 0 = -x - p + 8. Is x a prime number?
True
Let v(y) = 365*y + 1. Let m be v(1). Suppose 96 - m = -5*d - 4*j, -5*d = 3*j - 275. Suppose l - d = -4*z, 0 = 3*l - 4*l + 2. Is z prime?
False
Let u = 9 + 1. Let c = -7 + u. Is 25 + 1/c*0 prime?
False
Let i = 12 - 24. Let b be ((-135)/i)/(2/8). Suppose 3*y - b - 60 = 0. Is y prime?
False
Is (-34075)/(-87) - (-1)/(-6)*4 prime?
False
Suppose 4*c = 16, 3*i - 6*c = -c - 14. Suppose 0 = 3*v - 5*m - 139, i*v + 2*v = 3*m + 200. Is v a composite number?
False
Let v = -17 + 17. Suppose v*r + 2*b = 5*r - 739, 4*b = 2*r - 286. Is r composite?
False
Suppose w + 2 = 3. Let r be (4 - 3)*4/w. Suppose f - 235 = -r*f. Is f a composite number?
False
Suppose 7373 = 5*t - 3*x, 4*t - 988 = -2*x + 4928. Is t composite?
True
Let c = 763 + 42. Suppose -4*w + c = 4*z + z, -3*z = 3*w - 483. Is z prime?
False
Let y be (-1226)/10 - (-30)/50. Let f = -58 - y. Let j = -7 + f. Is j prime?
False
Suppose 0 = m - l - 7, 3*m + 4 = -l + 9. Let w = 12 - 8. Suppose 1 = -w*h - 5*v, -55 = -5*h + m*v + 2*v. Is h composite?
True
Let n = 175 + 262. Is n composite?
True
Suppose -2*z - o - 3 = 0, 4*z - o = z - 12. Let i(k) = -19*k - 3. Let l be i(z). Let x = l - -23. Is x composite?
True
Is 1800 + 6*(-3)/(-18) a prime number?
True
Let d(s) = 391*s + 1. Let i be d(3). Let z be (-19)/(-4) - (-3)/12. Suppose 3*t = -z*c + i, 300 - 1226 = -4*c + 2*t. Is c a prime number?
True
Is (2 - (-2390)/4)/(12/24) a prime number?
False
Let b(l) = l**2 + 1. Let h(v) = -2*v**2 - 12*v + 3. Let c(q) = 3*b(q) + h(q). Is c(13) a composite number?
False
Suppose 2*g + 3*g - 44 = -4*r, 4*g - 28 = 4*r. Suppose -v + 1 = -12. Suppose 0 = 5*b - q - v, 2*b + 4*q - g*q + 2 = 0. Is b a prime number?
True
Let r be 1 - (-1 + (2 - 3)). Suppose -4*x + 5*x + 5*p + 5 = 0, 2*x - r*p = 3. Suppose -3*d + 201 = -x*d. Is d prime?
True
Let t = 3 + 0. Is (1/t)/(6/1566) composite?
True
Suppose -5*j = -1 + 6. Let o be (12/10 + j)*5. Is ((-4)/(-6))/(o/15) prime?
False
Let r be (3 - 1)*(-433)/(-2). Suppose 0 = 5*n + 4*d - r, 6*d = 3*d - 9. Is n composite?
False
Suppose -3*a + 7*a - 5*t - 19 = 0, 0 = -a + 2*t + 1. Let l = a - -116. Is l composite?
False
Suppose 8 = 3*s + 14. Is 1/(2/(-1004)*s) a prime number?
True
Suppose -2*h - x + 1350 + 621 = 0, 2*h = -5*x + 1983. Suppose -2*t + 6*t - h = 0. Let m = t - 135. Is m a composite number?
True
Let k = 64 - -60. Suppose 0 = -4*p - 0*p + k. Is p a composite number?
False
Let w(a) = -a - 1. Let k be w(-4). Suppose -k*z = z - 128. Let o = z - 19. Is o a composite number?
False
Let l = -7 - -12. Let n = 4 - l. Is 2/(15/(-21) - n) composite?
False
Suppose -j - 3 + 9 = 0. Let l = -29 - -14. Is (l/j - -1)*-6 a composite number?
True
Let z(r) = -r**3 + 15*r**2 - 16*r + 12. Let k be z(14). Is ((-38)/8)/(4/k) composite?
False
Let j(k) = 10*k**2 + k + 4. Is j(-3) prime?
False
Let n = 1617 + -1036. Is n prime?
False
Suppose 5*z - 3*z - 36 = 0. Suppose -5*q - 3*l + 6*l + z = 0, -5*l = 5*q - 10. Suppose 6*o - q*o = -3*f + 63, -3*f - 89 = -5*o. Is o a composite number?
False
Let c(m) = 113*m. Is c(1) a composite number?
False
Let k = -3 - -7. Suppose 4 = 2*f - k. Suppose 64 = 3*l + x, 58 = 3*l - f*x - 1. Is l composite?
True
Suppose 4*c - 5*c + 887 = 0. Is c prime?
True
Let r(g) = -g + 11. Let k be r(8). Let b(y) = 2*y**2 - 3*y - 2. Is b(k) composite?
False
Let q = 806 + -564. Is (-2 - q/(-10))*5 a composite number?
True
Let h(a) = -a**2 + 104. Let w be h(0). Suppose 3*q - w = -z, 3*z + 6 + 67 = 2*q. Is q a composite number?
True
Suppose 3*f + 19 = 5*z, -13 = z - 3*z + 3*f. Is (3 - 77)/((-4)/z) a composite number?
False
Suppose -b = -5*b + 1104. Let o = -117 + b. Is o a prime number?
False
Let b(a) = 22*a + 7. Let d(p) = 7*p**3 - 2*p**2 + 1. Let l be d(1). Is b(l) a prime number?
True
Suppose 5*p + 9 + 6 = 0. Is (-3850)/(-49) + p/(-7) composite?
False
Let r(x) = x**2 + 2*x**2 + x**3 - 7 + 0*x**3 - 15*x**2 + 14*x. Is r(12) prime?
False
Let q = 428 + -138. Suppose 83 = l - q. Is l composite?
False
Let b(v) = 120*v - 3. Is b(6) prime?
False
Suppose -6 = 3*s + 9. Let m = -2 + 5. Is (2 + s)/(m/(-21)) prime?
False
Suppose -5*q + 15 + 15 = 0. Suppose n + q = 3*n. Suppose 5*t = n*t + 20. Is t a composite number?
True
Is (11558/5)/((-32)/(-80)) composite?
False
Suppose -5*g = -0*g - 20. Suppose g*h = 6 + 34. Is h a prime number?
False
Let m(s) = s**2 + 12*s - 10. Let u be m(-12). Let c(a) = -a**3 + 4*a**2 - 4*a + 2. Let r be c(2). Is r*-1*395/u a prime number?
True
Let o(m) = -25*m + 1. Is o(-9) composite?
True
Let k(p) = 186*p - 1. Is k(6) composite?
True
Let k(v) = -v - 1 - 6 - 23*v - 6. Is k(-9) a composite number?
True
Let w(m) = -139*m**3 + 3*m**2 + 10*m + 5. Is w(-3) prime?
False
Let p = -464 - -322. Let l = p - -456. Is l a prime number?
False
Let t = -37 + 152. Suppose s = t - 26. Is s composite?
False
Suppose t - 7630 = -4*t + 5*n, 5*n = -3*t + 4554. Is t a prime number?
True
Is -2 - (-1 + 3 + -4 + -85) prime?
False
Is 2 + 6812/8 - 2/4 prime?
True
Let p(l) = 59*l**2 - 2*l - 5. Let k be p(4). Suppose 0 = -0*u - 4*u + z + 1871, -2*u - z + k = 0. Is u a prime number?
True
Let s(i) = 10*i**2 + 19*i + 17. Is s(-12) composite?
False
Suppose 2*s - 28 = -8. Suppose -1085 = 5*v - s*v. Is v a composite number?
True
Suppose -3*y = -5 + 14, 3*l + 2*y - 3840 = 0. Is l a composite number?
True
Let j(d) = -4 + 8 - 21*d - 5. Is j(-8) a prime number?
True
Let q(t) = 20*t**2 - 10*t + 11. Is q(-12) a prime number?
True
Suppose -4*y + 33 = -5*n, -n = 5*y - 4*n - 25. Suppose -y*r + 107 + 9 = 0. Is r a prime number?
False
Let a(h) be the second derivative of 0*h**2 + 0 + 5/12*h**4 + 1/6*h**3 - h. Is a(2) a prime number?
False
Let j = 28 + -17. Is j a prime number?
True
Let a = 234 + -101. Is a prime?
False
Let z(r) = 2*r**3 - 2*r**2 - 5*r + 4. Suppose -31 = -5*v + 2*j - 3, -5*v - j + 16 = 0. Suppose -5 = v*m + 3*w - 2, 5*w = 2*m - 31. Is z(m) a composite number?
True
Let c(u) = -33*u + 25. Is c(-6) composite?
False
Let w be (-4)/2 - 16/(-4). Let z = 0 + 15. Suppose -w*l + z = -55. Is l prime?
False
Let o = 619 - 366. Suppose -o = -3*w + 4*v, -3*w + 3*v - 67 = -4*w. Is w a prime number?
True
Let n(h) = 2 + 8*h + 2*h**2 - 1 - h**2. Suppose 2*o + 18 = -0*o. Is n(o) a prime number?
False
Let y be (2 + 0)*(-10)/(-4). Suppose q = -6*q - 4*q. Suppose c - 192 + y = q. Is c a composite number?
True
Let a = -69 - -386. Is a composite?
False
Suppose 2*h - o = -1862, -8*h + 4*h + 3*o - 3728 = 0. Let f = -552 - h. Is f composite?
True
Let f(o) = o**3 - 11*o**2 - o + 11. Let x(v) = 2*v - 11. Let u be x(11). Let m be f(u). Suppose -4 = -4*l - m, 3*c = -l + 148. Is c a prime number?
False
Is -3 - ((1 - 4)/(-1) + -385) composite?
False
Let n(w) = 4*w**2 - 2*w - 3. Let s be n(7). Let y = 218 + s. Is y prime?
True
Let f(v) = v**2 + 2*v + 3. Let h be f(-2). Let n(g) = 27*g - 7. Is n(h) prime?
False
Let a = 635 - 424. Is a composite?
False
Is (1 - 359)*1*(-3)/3 prime?
False
Let w = 105 + 436. Is w a prim